).
4
Suppose -6 = -2*m - 14. Let q = m - -10. Let j(i) be the first derivative of i**4/4 - 2*i**3 - 3*i**2/2 + 8*i - 303. What is j(q)?
-10
Let b(v) be the second derivative of -14*v**3/3 + 29*v**2/2 - 4497*v. What is b(7)?
-167
Let q(v) be the second derivative of -1/3*v**3 - v + 24 + 5*v**2. Determine q(7).
-4
Let k(q) = q - 4. Let o = 55 - 240. Let y = 180 + o. Calculate k(y).
-9
Let h(z) = 28*z**2 - z + 26. Let k(q) = 47*q**2 - 2*q + 50. Let u(j) = -5*h(j) + 3*k(j). Calculate u(0).
20
Suppose -3*u + 0 = 6. Let o(n) be the third derivative of 1/3*n**3 + 0*n - 3*n**2 + 7 - 1/60*n**5 + 0*n**4 - 1/120*n**6. Calculate o(u).
6
Let w(k) = k**2 - 20*k + 31. Let j(b) = -2*b**2 - 45*b - 206. Let p be j(-16). Determine w(p).
-5
Let a(j) be the first derivative of -10*j**2 - 325*j - 8523. Determine a(-17).
15
Suppose -4*m - 2*x = -0*x - 30, -39 = -5*m - 2*x. Let w(z) = -2*z**3 + 18*z**2 - z + 18. Give w(m).
9
Let s(i) = -3*i**3 - 8*i**2 - 19*i - 63. Let l be s(-3). Let v(t) be the third derivative of 0*t + 0 - 3*t**2 + 1/6*t**l + 1/6*t**4. Give v(-1).
-3
Let t(v) = 12*v**3 - 3*v**2 - 4*v - 2. Let g = -34429 - -34428. What is t(g)?
-13
Suppose 3*p + 4 = 10. Suppose -5*t + 10 = -g, -6*t - g - 8 = -10*t. Let z(o) = -p*o**3 + 0*o**t - 24 - 2*o + 22 + o**2. Determine z(-2).
22
Let b(k) be the second derivative of -k**4/12 - 4*k**3/3 + 16*k**2 + 8045*k. Determine b(-12).
-16
Suppose 0 = 4*n - 5*y + 6*y + 61, 0 = -5*n + 2*y - 73. Let b(f) = f**3 + 17*f**2 + 37*f + 103. What is b(n)?
-2
Suppose -m + 64 = 65. Let v(s) = 8*s**2 - s - 1. Let y be v(m). Let i(d) = -5*d + 4*d - 3 + 14 - y. Calculate i(3).
0
Let v = 308 + -303. Let z(i) = -8 + 0 - 4*i - v + 0. What is z(-4)?
3
Let w(c) be the third derivative of c**6/60 + c**5/20 - 7*c**4/24 - 3*c**3/2 - 14566*c**2. What is w(-2)?
1
Let c(h) = -h**3 + 4*h**2. Let f(o) = 2*o**2 - 11*o - 18. Suppose -j + 11 = -i, -i = 2*j - 22 + 12. Let b be f(j). What is c(b)?
9
Let h(b) be the third derivative of 0 + 0*b**4 + 0*b + 78*b**2 + 0*b**5 - 5/3*b**3 + 1/120*b**6. Give h(0).
-10
Let s(i) = i**2 - 16. Let t be -15 + 0 + -3 + 0. Let f be (-1097)/15 + t/(-135). Let l = 73 + f. Calculate s(l).
-16
Suppose 35*l - 30*l = 20. Let s(u) = 33*u - 125. Let p be s(l). Let n(z) = -z**2 + 4*z - 5. What is n(p)?
-26
Let z(o) be the second derivative of o**3/2 - 66*o + 6. Let a(h) = h - 8. Let g be a(8). Let x be 1/(-2)*2 - g. What is z(x)?
-3
Let o = -12 + -9. Let q(i) = -2*i**2 - 42*i - 252. Let w(j) = j**2 + 21*j + 108. Let f(z) = 3*q(z) + 7*w(z). What is f(o)?
0
Let a(y) = 4*y**2 + y + 13. Let t be a(5). Suppose -122*v = -t*v + 8. Let d be -7 + (3 + -5 - v). Let q(w) = w**3 + 8*w**2 + 9*w + 8. Determine q(d).
-6
Let p(g) = g**3 + 3*g**2 - 6*g - 5. Let w(v) = v**3 - 9*v**2 - 12*v - 6. Suppose -2*i + 3 + 17 = 0. Let u be w(i). Let a = -30 - u. Give p(a).
3
Let p(s) be the second derivative of s**4/12 - 13*s**3/6 + s**2 - 4*s. Let h = -1429 - -1442. Calculate p(h).
2
Let v(m) = -m**3 - 10*m**2 + 23*m - 20. Let z be v(-13). Let p(f) = 0*f**2 - f**2 - 183*f + z*f + 7. Calculate p(5).
7
Let y(k) be the first derivative of 5*k**3/6 + 161*k + 181. Let t(o) be the first derivative of y(o). Determine t(-1).
-5
Let a be 28/6 + -47*(-21)/2961. Let d(r) = 5*r**2 - 3*r + 9. Determine d(a).
119
Let k be (-2 + 24)*(4 - (-5)/(-2)). Let p(w) = w**2 - 29 + 6*w + 61 - k. Calculate p(-5).
-6
Let w(l) = -175*l - 166. Let a(z) = 62*z + 55. Let b(j) = -17*a(j) - 6*w(j). What is b(13)?
9
Let w(h) = h**3 + 6*h**2 + 5*h + 1. Suppose 288 = 1287*r - 1359*r. Calculate w(r).
13
Let d(a) = 626*a - 5620. Let t be d(9). Let u(x) = 6*x - 115. Give u(t).
-31
Let t(k) = k**2 + k - 1. Suppose 204 = 3*p + 4*j, -3*p - j + 232 = 19. Suppose -2*x + 8 = -4*u, -5*x + 70*u + 8 = p*u. Determine t(x).
5
Let v(i) = 3*i**3 - 4*i**2 + 8*i - 25. Let j be v(5). Let b = j + -291. Let t(u) = u + 1 - u - 10*u. What is t(b)?
11
Let c(o) = o + 6. Let j = 183 + -180. Let i be j/(-2)*16/(-20)*-5. Determine c(i).
0
Let i(a) = -11*a - 1 + 4*a**2 - 16*a**2 - 4 - a**3. Let t = 24847 + -24858. Determine i(t).
-5
Let y(s) be the third derivative of s**9/60480 + s**8/20160 - s**7/2520 - s**5/3 + 24*s**2. Let b(i) be the third derivative of y(i). Calculate b(2).
8
Let t(s) = -8*s + s - 9 + 8*s. Let v be -6*3/42 + 208/28. Let g be (-2 - 2) + 7 + v. Calculate t(g).
1
Let k(z) be the second derivative of -29*z**3/3 + 583*z**2/2 + 625*z. Calculate k(10).
3
Let o(m) = m**2 - 4*m - 6. Let x be o(6). Let c(l) = -l**3 - 2*l**2 + 152*l + 3. Let d(b) = b**3 + b**2 - 131*b - 3. Let q(s) = -6*c(s) - 7*d(s). Give q(x).
-3
Let j(d) = -6*d + 17. Let g be -5 + -7 - (-1 - 18). What is j(g)?
-25
Let c(z) = 10 + z**2 + 3099*z - 4 - z**3 - 3104*z. Calculate c(0).
6
Let g = 101505 + -101495. Let a(i) be the first derivative of -i**2/2 + 10*i + 1. Calculate a(g).
0
Let a(k) = -14*k - 16. Let t(r) = -3*r - 4. Let b(w) = -2*a(w) + 9*t(w). Suppose -3*g = 2*u + 26, 2*g + 7 = -4*u - 37. Give b(u).
-14
Let l = 9 - 9. Let b(a) be the first derivative of -a**2/2 + 161. Calculate b(l).
0
Let c(p) = 2*p - 3. Suppose -4*m + 1 = -5*y, -5 = 5*y - 5*m - 0. Suppose -3*t = -3*z + 9, 0 = -2*z + y*z - 5*t - 3. Let b be 1 + (z + -3 - -2). Calculate c(b).
3
Let k(h) be the third derivative of h**7/840 - h**6/90 - 23*h**5/60 - h**3/6 - 53*h**2. Let z(d) be the third derivative of k(d). Determine z(8).
40
Let i(z) be the third derivative of z**5/60 - 7*z**4/12 - 245*z**3/6 - 18*z**2 - 114*z. Calculate i(-10).
-5
Let z(t) = t. Suppose -4*h = -h - 5*x + 71, -h - 23 = -2*x. Let g(r) = -2*r**2 - 14*r - 9. Let c be g(-8). Let f = c - h. What is z(f)?
2
Suppose 58*s + 217 - 589 = 208. Let z(w) be the second derivative of 1/6*w**4 + 2*w**2 - 1/3*w**3 - 1/20*w**5 + 0 - s*w. What is z(3)?
-11
Let w(y) = 2*y**3 + 4*y**2 - 4*y - 4. Let s be (68/(-18))/1 + 110/(-495). Determine w(s).
-52
Suppose m + 14 = 4*a, -3*a + 180 = -5*m + 246. Let v(n) = n**3 - 16*n**2 - 36*n + 6. Give v(m).
6
Let h(j) = -5*j**2 - j - 1. Let s(y) = 1 + y**2 + y**2 - y**2. Let n(m) = -h(m) - 3*s(m). Give n(-4).
26
Let d(m) = 8*m + 2. Let f(b) = -30*b - 12. Let v(z) = -4*d(z) - f(z). Give v(-10).
24
Let k(r) = -27*r + 69. Let f = -29785 - -29788. What is k(f)?
-12
Let a(b) be the second derivative of -b**5/20 + b**4/3 + 7*b**3/3 + 2*b**2 - 4*b - 33. Give a(6).
16
Let z(c) = c**3 - 16*c**2 + 60*c - 8. Let v be ((-29900)/(-2392))/((-5)/(-4)). Determine z(v).
-8
Let s(o) = o**2 - 2*o + 1. Let p(f) be the second derivative of -f**5/10 - f**4/12 + 5*f**3/6 - f**2/2 + 113*f - 2. Let d(a) = -p(a) - 2*s(a). Determine d(-1).
-3
Suppose -70*r = -68*r - 6. Let o(q) = -4*q + 26*q - 13*q - 3 + 2*q**2 - q**r. What is o(4)?
1
Let f(m) = m**2 + 5*m + 5. Let a be 1/(-4) + 8/32. Let o = 5 + a. Suppose 0 = -2*j - 3*b + 1, 4*b + b - 35 = o*j. Calculate f(j).
1
Let y = 872 - 588. Let a = -288 + y. Let z(h) = 2*h + 5. Determine z(a).
-3
Let b(k) = -9. Let s(o) = o - 13. Let a(x) = 5*b(x) + 4*s(x). What is a(21)?
-13
Let p(w) = w**2 - 5*w + 3. Let i be (771/514)/(((-18)/(-8))/3). Suppose 0 = -3*n - 3 + 9. Let h be n*i/((-20)/(-25)). Determine p(h).
3
Let u(r) = -r**2 + 11*r - 36. Let g = 36988 + -36982. Calculate u(g).
-6
Let s(i) be the third derivative of -7*i**4/24 - 7*i**3/2 - 357*i**2. Calculate s(-4).
7
Suppose 0 = -107*w + 106*w - 7, 2*l - 3*w - 23 = 0. Let g(t) = 28*t - 23. Give g(l).
5
Suppose -2*r + 305 = 299. Let f(d) = -r - 5307*d - 9*d**2 - d**3 + d**2 + 5304*d. Give f(-8).
21
Let p(d) = d + 1. Let r(k) = -3*k - 4. Let n(h) = -5*p(h) - r(h). Let u = -76 + 78. Suppose u*x + 581 - 571 = 0. Determine n(x).
9
Let b be 99/1485*(-5)/(-8). Let k(p) be the third derivative of -1/20*p**5 + 0 + b*p**4 + 1/3*p**3 - 1/60*p**6 + 10*p**2 + 0*p. Give k(-2).
4
Let h(r) = 24*r**2 + 0*r - 25*r**2 - r - 1 + 20*r**3 + 3*r. Let y(b) = -5*b**2 - 9*b + 3. Let n be y(-2). Determine h(n).
20
Let u(k) = 5*k + 17. Let j(z) = -z - 4. Let c(n) = -9*j(n) - 2*u(n). Let h be (11 + -34)/1*1*7. Let s = h + 159. Give c(s).
4
Let u be 4/10 - 1340/(-25). Let v be (0 + u/(-15))/(6/(-15)). Let x(f) be the first derivative of -f**2/2 + 15*f + 66. Determine x(v).
6
Let g(u) be the third derivative of -3*u**2 + 0*u - 5/3*u**3 - 1/60*u**5 - 1/3*u**4 + 0. Let l be g(-4). Let t(f) = -f**3 + 6*f**2 + 3*f - 4. Determine t(l).
14
Suppo